{"id":1503,"date":"2017-07-28T09:30:59","date_gmt":"2017-07-28T07:30:59","guid":{"rendered":"http:\/\/www.chocolats-chocogil.com\/espace-professionnels\/?page_id=1503"},"modified":"2019-11-04T08:45:57","modified_gmt":"2019-11-04T07:45:57","slug":"contactez-nous-pro-2","status":"publish","type":"page","link":"https:\/\/www.chocolats-chocogil.com\/espace-professionnels\/contactez-nous-pro-2\/","title":{"rendered":"Contactez-nous"},"content":{"rendered":"\t\t<div data-elementor-type=\"wp-post\" data-elementor-id=\"1503\" class=\"elementor elementor-1503\">\n\t\t\t\t\t\t<div class=\"elementor-inner\">\n\t\t\t\t<div class=\"elementor-section-wrap\">\n\t\t\t\t\t\t\t\t\t<section class=\"elementor-section elementor-top-section elementor-element elementor-element-10d43f6 elementor-section-boxed elementor-section-height-default elementor-section-height-default elementor-invisible\" data-id=\"10d43f6\" data-element_type=\"section\" data-settings=\"{&quot;animation&quot;:&quot;fadeInUp&quot;}\">\n\t\t\t\t\t\t<div class=\"elementor-container elementor-column-gap-default\">\n\t\t\t\t\t\t\t<div class=\"elementor-row\">\n\t\t\t\t\t<div class=\"elementor-column elementor-col-50 elementor-top-column elementor-element elementor-element-20ab79f\" data-id=\"20ab79f\" data-element_type=\"column\">\n\t\t\t<div class=\"elementor-column-wrap elementor-element-populated\">\n\t\t\t\t\t\t\t<div class=\"elementor-widget-wrap\">\n\t\t\t\t\t\t<div class=\"elementor-element elementor-element-2e09b92 elementor-view-default elementor-widget elementor-widget-icon\" data-id=\"2e09b92\" data-element_type=\"widget\" data-widget_type=\"icon.default\">\n\t\t\t\t<div class=\"elementor-widget-container\">\n\t\t\t\t\t<div class=\"elementor-icon-wrapper\">\n\t\t\t<div class=\"elementor-icon\">\n\t\t\t\t\t\t\t<i class=\"fa fa-clock-o\" aria-hidden=\"true\"><\/i>\n\t\t\t\t\t\t<\/div>\n\t\t<\/div>\n\t\t\t\t<\/div>\n\t\t\t\t<\/div>\n\t\t\t\t<div class=\"elementor-element elementor-element-0e17771 elementor-widget elementor-widget-text-editor\" data-id=\"0e17771\" data-element_type=\"widget\" data-widget_type=\"text-editor.default\">\n\t\t\t\t<div class=\"elementor-widget-container\">\n\t\t\t\t\t\t\t\t<div class=\"elementor-text-editor elementor-clearfix\">\n\t\t\t\t<p>Horaires Accueil Pros \/ Standard\u00a0<br \/>&#8212;&#8212;&#8212;&#8212;&#8212;&#8212;&#8212;<\/p><h5><span style=\"color: #dfc15e;\"><strong>du lundi au vendredi de <\/strong><strong>8h00 \u00e0 12h00 et de 13h30 \u00e0 18h00 <br \/><\/strong><\/span><\/h5><h5><span style=\"color: #dfc15e;\"><strong>\u00a0<\/strong><\/span><\/h5>\t\t\t\t\t<\/div>\n\t\t\t\t\t\t<\/div>\n\t\t\t\t<\/div>\n\t\t\t\t<div class=\"elementor-element elementor-element-4d8df16 elementor-widget elementor-widget-text-editor\" data-id=\"4d8df16\" data-element_type=\"widget\" data-widget_type=\"text-editor.default\">\n\t\t\t\t<div class=\"elementor-widget-container\">\n\t\t\t\t\t\t\t\t<div class=\"elementor-text-editor elementor-clearfix\">\n\t\t\t\t\t\t\t\t\t<\/div>\n\t\t\t\t\t\t<\/div>\n\t\t\t\t<\/div>\n\t\t\t\t\t\t<\/div>\n\t\t\t\t\t<\/div>\n\t\t<\/div>\n\t\t\t\t<div class=\"elementor-column elementor-col-50 elementor-top-column elementor-element elementor-element-b239c45\" data-id=\"b239c45\" data-element_type=\"column\">\n\t\t\t<div class=\"elementor-column-wrap elementor-element-populated\">\n\t\t\t\t\t\t\t<div class=\"elementor-widget-wrap\">\n\t\t\t\t\t\t<div class=\"elementor-element elementor-element-fa13e5d elementor-view-default elementor-widget elementor-widget-icon\" data-id=\"fa13e5d\" data-element_type=\"widget\" data-widget_type=\"icon.default\">\n\t\t\t\t<div class=\"elementor-widget-container\">\n\t\t\t\t\t<div class=\"elementor-icon-wrapper\">\n\t\t\t<div class=\"elementor-icon\">\n\t\t\t\t\t\t\t<i class=\"fa fa-volume-control-phone\" aria-hidden=\"true\"><\/i>\n\t\t\t\t\t\t<\/div>\n\t\t<\/div>\n\t\t\t\t<\/div>\n\t\t\t\t<\/div>\n\t\t\t\t<div class=\"elementor-element elementor-element-f15c0b1 elementor-widget elementor-widget-text-editor\" data-id=\"f15c0b1\" data-element_type=\"widget\" data-widget_type=\"text-editor.default\">\n\t\t\t\t<div class=\"elementor-widget-container\">\n\t\t\t\t\t\t\t\t<div class=\"elementor-text-editor elementor-clearfix\">\n\t\t\t\t<p>Nous contacter<br \/>&#8212;&#8212;&#8212;&#8212;&#8212;&#8212;&#8212;<\/p><h4><span style=\"color: #dfc15e;\"><span style=\"caret-color: #dfc15e;\"><b><strong>T\u00e9l : + 33 (0)3 25 05 08 49<\/strong><\/b><\/span><\/span><\/h4><h5><span style=\"caret-color: #dfc15e;\"><b><strong>ZA de Bettancourt<br \/>9, Rue des Roises &#8211; Route de Bar le Duc<br \/><\/strong><strong>F. 52100 Bettancourt-la-Ferr\u00e9e<\/strong><\/b><\/span><span style=\"color: #dfc15e;\"><span style=\"caret-color: #dfc15e;\"><b><br \/><\/b><\/span><\/span><\/h5>\t\t\t\t\t<\/div>\n\t\t\t\t\t\t<\/div>\n\t\t\t\t<\/div>\n\t\t\t\t\t\t<\/div>\n\t\t\t\t\t<\/div>\n\t\t<\/div>\n\t\t\t\t\t\t\t\t<\/div>\n\t\t\t\t\t<\/div>\n\t\t<\/section>\n\t\t\t\t<section class=\"elementor-section elementor-top-section elementor-element elementor-element-o7oosvz elementor-section-boxed elementor-section-height-default elementor-section-height-default elementor-invisible\" data-id=\"o7oosvz\" data-element_type=\"section\" data-settings=\"{&quot;animation&quot;:&quot;pulse&quot;}\">\n\t\t\t\t\t\t<div class=\"elementor-container elementor-column-gap-default\">\n\t\t\t\t\t\t\t<div class=\"elementor-row\">\n\t\t\t\t\t<div class=\"elementor-column elementor-col-100 elementor-top-column elementor-element elementor-element-db88tsn\" data-id=\"db88tsn\" data-element_type=\"column\">\n\t\t\t<div class=\"elementor-column-wrap elementor-element-populated\">\n\t\t\t\t\t\t\t<div class=\"elementor-widget-wrap\">\n\t\t\t\t\t\t<div class=\"elementor-element elementor-element-buljzfe elementor-widget elementor-widget-spacer\" data-id=\"buljzfe\" data-element_type=\"widget\" data-widget_type=\"spacer.default\">\n\t\t\t\t<div class=\"elementor-widget-container\">\n\t\t\t\t\t<div class=\"elementor-spacer\">\n\t\t\t<div class=\"elementor-spacer-inner\"><\/div>\n\t\t<\/div>\n\t\t\t\t<\/div>\n\t\t\t\t<\/div>\n\t\t\t\t<div class=\"elementor-element elementor-element-64hhiay elementor-widget elementor-widget-heading\" data-id=\"64hhiay\" data-element_type=\"widget\" data-widget_type=\"heading.default\">\n\t\t\t\t<div class=\"elementor-widget-container\">\n\t\t\t<h2 class=\"elementor-heading-title elementor-size-default\">Laissez nous un message\n<\/h2>\t\t<\/div>\n\t\t\t\t<\/div>\n\t\t\t\t<div class=\"elementor-element elementor-element-ozrf7n2 elementor-widget elementor-widget-heading\" data-id=\"ozrf7n2\" data-element_type=\"widget\" data-widget_type=\"heading.default\">\n\t\t\t\t<div class=\"elementor-widget-container\">\n\t\t\t<h2 class=\"elementor-heading-title elementor-size-default\">Merci de remplir notre formulaire avec pr\u00e9cision. Nous apporterons le plus grand soin \u00e0 une r\u00e9ponse rapide.\n<\/h2>\t\t<\/div>\n\t\t\t\t<\/div>\n\t\t\t\t<div class=\"elementor-element elementor-element-vvxnb6o elementor-widget elementor-widget-shortcode\" data-id=\"vvxnb6o\" data-element_type=\"widget\" data-widget_type=\"shortcode.default\">\n\t\t\t\t<div class=\"elementor-widget-container\">\n\t\t\t\t\t<div class=\"elementor-shortcode\"><div role=\"form\" class=\"wpcf7\" id=\"wpcf7-f814-o1\" lang=\"fr-FR\" dir=\"ltr\">\n<div class=\"screen-reader-response\"><\/div>\n<form action=\"\/espace-professionnels\/wp-json\/wp\/v2\/pages\/1503#wpcf7-f814-o1\" method=\"post\" class=\"wpcf7-form cf7-style monochrome-light\" novalidate=\"novalidate\">\n<div style=\"display: none;\">\n<input type=\"hidden\" name=\"_wpcf7\" value=\"814\" \/>\n<input type=\"hidden\" name=\"_wpcf7_version\" value=\"5.1.4\" \/>\n<input type=\"hidden\" name=\"_wpcf7_locale\" value=\"fr_FR\" \/>\n<input type=\"hidden\" name=\"_wpcf7_unit_tag\" value=\"wpcf7-f814-o1\" \/>\n<input type=\"hidden\" name=\"_wpcf7_container_post\" value=\"0\" \/>\n<input type=\"hidden\" name=\"g-recaptcha-response\" value=\"\" \/>\n<\/div>\n<p><label>veuillez saisir le nom de votre soci\u00e9t\u00e9 *<br \/>\n    <span class=\"wpcf7-form-control-wrap your-name-societe\"><input type=\"text\" name=\"your-name-societe\" value=\"\" size=\"40\" class=\"wpcf7-form-control wpcf7-text wpcf7-validates-as-required\" aria-required=\"true\" aria-invalid=\"false\" \/><\/span> <\/label><\/p>\n<p><label>veuillez saisir l'adresse de votre soci\u00e9t\u00e9 *<br \/>\n    <span class=\"wpcf7-form-control-wrap your-adress-societe\"><input type=\"text\" name=\"your-adress-societe\" value=\"\" size=\"40\" class=\"wpcf7-form-control wpcf7-text wpcf7-validates-as-required\" aria-required=\"true\" aria-invalid=\"false\" \/><\/span> <\/label><\/p>\n<p><label>Votre code postal *<br \/>\n    <span class=\"wpcf7-form-control-wrap your-code-postal\"><input type=\"text\" name=\"your-code-postal\" value=\"\" size=\"40\" class=\"wpcf7-form-control wpcf7-text wpcf7-validates-as-required\" aria-required=\"true\" aria-invalid=\"false\" \/><\/span> <\/label><\/p>\n<p><label>veuillez saisir votre commune *<br \/>\n    <span class=\"wpcf7-form-control-wrap your-nom-zip-societe\"><input type=\"text\" name=\"your-nom-zip-societe\" value=\"\" size=\"40\" class=\"wpcf7-form-control wpcf7-text wpcf7-validates-as-required\" aria-required=\"true\" aria-invalid=\"false\" \/><\/span> <\/label><\/p>\n<p><label>veuillez saisir votre nom et pr\u00e9nom *<br \/>\n    <span class=\"wpcf7-form-control-wrap your-name\"><input type=\"text\" name=\"your-name\" value=\"\" size=\"40\" class=\"wpcf7-form-control wpcf7-text wpcf7-validates-as-required\" aria-required=\"true\" aria-invalid=\"false\" \/><\/span> <\/label><\/p>\n<p><label>veuillez saisir votre t\u00e9l\u00e9phone *<br \/>\n<span class=\"wpcf7-form-control-wrap Telephone\"><input type=\"tel\" name=\"Telephone\" value=\"\" size=\"40\" class=\"wpcf7-form-control wpcf7-text wpcf7-tel wpcf7-validates-as-required wpcf7-validates-as-tel\" aria-required=\"true\" aria-invalid=\"false\" \/><\/span><\/label><\/p>\n<p><label>veuillez saisir votre email *<br \/>\n    <span class=\"wpcf7-form-control-wrap your-email\"><input type=\"email\" name=\"your-email\" value=\"\" size=\"40\" class=\"wpcf7-form-control wpcf7-text wpcf7-email wpcf7-validates-as-required wpcf7-validates-as-email\" aria-required=\"true\" aria-invalid=\"false\" \/><\/span> <\/label><\/p>\n<p><label>Vous pouvez nous \u00e9crire ici<br \/>\n    <span class=\"wpcf7-form-control-wrap your-message\"><textarea name=\"your-message\" cols=\"40\" rows=\"10\" class=\"wpcf7-form-control wpcf7-textarea\" aria-invalid=\"false\"><\/textarea><\/span> <\/label><\/p>\n<p>* Champs obligatoires<\/p>\n<p><input type=\"submit\" value=\"Envoyer\" class=\"wpcf7-form-control wpcf7-submit\" \/><\/p>\n<p style=\"display: none !important;\" class=\"akismet-fields-container\" data-prefix=\"_wpcf7_ak_\"><label>&#916;<textarea name=\"_wpcf7_ak_hp_textarea\" cols=\"45\" rows=\"8\" maxlength=\"100\"><\/textarea><\/label><input type=\"hidden\" id=\"ak_js_1\" name=\"_wpcf7_ak_js\" value=\"11\"\/><script>document.getElementById( \"ak_js_1\" ).setAttribute( \"value\", ( new Date() ).getTime() );<\/script><\/p><div class=\"wpcf7-response-output wpcf7-display-none\"><\/div><\/form><\/div><\/div>\n\t\t\t\t<\/div>\n\t\t\t\t<\/div>\n\t\t\t\t\t\t<\/div>\n\t\t\t\t\t<\/div>\n\t\t<\/div>\n\t\t\t\t\t\t\t\t<\/div>\n\t\t\t\t\t<\/div>\n\t\t<\/section>\n\t\t\t\t\t\t\t\t\t<\/div>\n\t\t\t<\/div>\n\t\t\t\t\t<\/div>\n\t\t","protected":false},"excerpt":{"rendered":"<p>Horaires Accueil Pros \/ Standard\u00a0&#8212;&#8212;&#8212;&#8212;&#8212;&#8212;&#8212; du lundi au vendredi de 8h00 \u00e0 12h00 et de 13h30 \u00e0 18h00 \u00a0 Nous contacter&#8212;&#8212;&#8212;&#8212;&#8212;&#8212;&#8212; T\u00e9l : + 33 (0)3 25 05 08 49 ZA de Bettancourt9, Rue des Roises &#8211; Route de Bar le DucF. 52100 Bettancourt-la-Ferr\u00e9e Laissez nous un message Merci de remplir notre formulaire avec pr\u00e9cision. [&hellip;]<\/p>\n","protected":false},"author":1,"featured_media":0,"parent":0,"menu_order":0,"comment_status":"closed","ping_status":"closed","template":"plus\/template-pro.php","meta":{"_exactmetrics_skip_tracking":false,"_exactmetrics_sitenote_active":false,"_exactmetrics_sitenote_note":"","_exactmetrics_sitenote_category":0},"_links":{"self":[{"href":"https:\/\/www.chocolats-chocogil.com\/espace-professionnels\/wp-json\/wp\/v2\/pages\/1503"}],"collection":[{"href":"https:\/\/www.chocolats-chocogil.com\/espace-professionnels\/wp-json\/wp\/v2\/pages"}],"about":[{"href":"https:\/\/www.chocolats-chocogil.com\/espace-professionnels\/wp-json\/wp\/v2\/types\/page"}],"author":[{"embeddable":true,"href":"https:\/\/www.chocolats-chocogil.com\/espace-professionnels\/wp-json\/wp\/v2\/users\/1"}],"replies":[{"embeddable":true,"href":"https:\/\/www.chocolats-chocogil.com\/espace-professionnels\/wp-json\/wp\/v2\/comments?post=1503"}],"version-history":[{"count":49,"href":"https:\/\/www.chocolats-chocogil.com\/espace-professionnels\/wp-json\/wp\/v2\/pages\/1503\/revisions"}],"predecessor-version":[{"id":3491,"href":"https:\/\/www.chocolats-chocogil.com\/espace-professionnels\/wp-json\/wp\/v2\/pages\/1503\/revisions\/3491"}],"wp:attachment":[{"href":"https:\/\/www.chocolats-chocogil.com\/espace-professionnels\/wp-json\/wp\/v2\/media?parent=1503"}],"curies":[{"name":"wp","href":"https:\/\/api.w.org\/{rel}","templated":true}]}}